 -3 + (27/(-18))/(2/(-4)). Suppose 0 = -y*k + 5*k - 5*v - 60, -2*v - 56 = -4*k. Calculate the remainder when ((-1)/2)/(9/(-846)) is divided by k.
15
Suppose -3*g - 2*g + 3*i = -202, 0 = 3*g - i - 122. Let b = -22 + 31. Calculate the remainder when g is divided by b.
5
Calculate the remainder when 51*(-7 - 132/(-18)) is divided by 3.
2
Let z be (-132)/3*(-1)/2. Let f = z - 7. What is the remainder when 57 is divided by f?
12
What is the remainder when 361 is divided by -216*(-28)/231 - (-2)/(-11)?
23
What is the remainder when 363 is divided by (2 - 1) + 15/((-60)/(-8))?
0
Suppose -o - 95 = -6*o. Let x(j) = 6*j - 8. Let d be x(2). Suppose -c + d*z = -2, 0 = 2*z - 0 - 4. Calculate the remainder when o is divided by c.
9
Let g = -26 - -26. Let a = g + -14. What is the remainder when (a/(-1 + -1))/1 is divided by 3?
1
Let k = 281 + -178. Calculate the remainder when k is divided by 27.
22
Let x(w) = 2*w**2 - 5*w - 3. Calculate the remainder when x(7) is divided by 13.
8
Let o = 378 + -244. Suppose 0 = -i - 40 + o. Calculate the remainder when i is divided by 19.
18
Suppose -1652 = -10*z - 372. Let g(u) = -5*u - 17. Calculate the remainder when z is divided by g(-12).
42
What is the remainder when 4*(-17)/(-2) + 42/21 is divided by 25?
11
Suppose 0 = -2*g - 6, a + g = -0*g - 2. Let h(f) = f**3 + 19*f**2 - 23*f + 14. Let n be h(-20). Let d = n - 72. Calculate the remainder when d is divided by a.
0
Let x = -19 + 13. What is the remainder when (-1 + (-10)/x)*129 is divided by 44?
42
Suppose -j - u + 19 = 0, -2*j = u - 46 + 4. Calculate the remainder when 90 is divided by j.
21
Let a(r) = r**2 - 11*r + 10. Let y be a(7). Let p = 25 - y. What is the remainder when p is divided by 22?
21
Suppose 4*l + 80 = 9*l. What is the remainder when 95 is divided by l?
15
Suppose -34*y + 2244 = 17*y. What is the remainder when 87 is divided by y?
43
Suppose -4*s + s - 5*j - 18 = 0, 2*s + 5*j = -12. Let g = 6 - s. Suppose 0 = -3*y - g, -2*y - 9 - 4 = -5*k. What is the remainder when 2 is divided by k?
0
Suppose 2*s - 47 - 7 = 0. Let n = s + -9. Calculate the remainder when n is divided by 5.
3
Suppose -168*l = -171*l + 27. What is the remainder when 180 is divided by l?
0
Let b(h) = -7*h - 39. Calculate the remainder when b(-9) is divided by 14.
10
Let b = -237 + 156. Calculate the remainder when (b/6)/(30/(-40)) is divided by 7.
4
Suppose 4*v + 1204 = 4*p, 0 = 4*p + 2*v - 1554 + 350. Suppose k - 4*n - p = -n, k - n - 291 = 0. Calculate the remainder when k is divided by 36.
34
Let x(v) = -v**3 - 8*v**2 - 3*v - 11. Let d be x(-8). Suppose -36 = -d*f + 10*f. Calculate the remainder when 59 is divided by f.
11
Let l(t) be the third derivative of t**6/120 - 2*t**5/15 - 7*t**3/6 - 42*t**2. What is the remainder when l(9) is divided by (-6 - -4)/((-2)/19)?
17
Suppose 127 = -5*o - 167 + 319. Let m(u) = -u**2 + 3*u + 5. Calculate the remainder when o is divided by m(4).
0
Let f(g) = g**3 + 6*g**2 + 6*g - 6. Let j be f(-4). What is the remainder when (-114)/(-21)*(9 - j) is divided by 12?
2
Suppose 8*i - 12*i = 24. Let b = 26 + i. Calculate the remainder when 38 is divided by b.
18
Suppose 5*j = 89 - 19. Let x = j + -60. What is the remainder when (10 + 2)/(-4) - x is divided by 11?
10
Let r be (236/16 + 1)*-1*4. Let n = -38 - r. Calculate the remainder when 68 is divided by n.
18
Let x = -242 - -265. What is the remainder when x is divided by 22?
1
Suppose 46 - 4 = 3*k. Suppose -10*t + 9*t = -3. What is the remainder when (-81)/(-1)*2/t is divided by k?
12
Suppose 3*m + 1 + 1 = -z, -m = 2*z - 21. Suppose 4*t - 29 + 109 = 0. Let g = 45 + t. What is the remainder when g is divided by z?
12
Calculate the remainder when 77 is divided by ((-210)/18 - -11)*-15.
7
Suppose -4*m = m - 350. Suppose -2*u + 39 = 5*h, 0 = 3*h - 3*u + 5*u - 21. What is the remainder when m is divided by h?
7
Suppose -6*t = 12*t - 270. What is the remainder when 39 is divided by t?
9
Suppose -2*z - 6 = -h, 4*z = -3*h - 4 + 2. Let p = h - -13. What is the remainder when 40 is divided by p?
10
Let q(f) = 29*f - 422. Calculate the remainder when q(39) is divided by 119.
114
Let g be ((-12)/(-1) + 0/3)/1. What is the remainder when 54 is divided by 3 + (g/(-5))/(9/(-60))?
16
Suppose -5*z - 2*z = -56. Suppose -z*y = -5*y - 51. Calculate the remainder when 83 is divided by y.
15
Let m(c) = -c**2 + 10*c - 8. Suppose 5*t - 5*j - 142 = t, -4*t = -j - 134. Let i = t - 27. Calculate the remainder when 46 is divided by m(i).
14
What is the remainder when 4/46 + (-8301)/(-23) is divided by 33?
31
Let l be 2/10 + ((-245)/(-25) - 3). Suppose l*o - 8*o = -29. Calculate the remainder when 57 is divided by o.
28
Let g = -47 + 83. What is the remainder when 142 is divided by g?
34
Let w be -3 + (69*8/12 - -1). Suppose -b + w = 9. What is the remainder when 68 is divided by b?
33
Let r(y) be the second derivative of -5*y**3/3 - 33*y**2 + 4*y - 2. What is the remainder when 106 is divided by r(-12)?
52
Calculate the remainder when 7 is divided by 216/48*(-4)/(-6).
1
Let s = 1883 + -1598. Calculate the remainder when s is divided by 282.
3
Let b be (-4)/30 + 424/30. Calculate the remainder when 56 is divided by 290/b + -2 - 2/(-7).
18
Let z be 10/6*(3 - -3). Suppose 0 = -z*r + 13*r. Suppose -4*n = -r*m - 3*m - 341, 173 = 2*n - m. What is the remainder when n is divided by 23?
20
Suppose -2*g - 3*a + 0 = -6, 4*a - 8 = 0. Let q = 15 - -88. Suppose g*x + x - q = 0. What is the remainder when x is divided by 26?
25
Let k(d) = d**2 - 20*d + 62. Calculate the remainder when k(25) is divided by 29.
13
Let d(u) = -u**2 - 7*u - 2. Suppose 0 = -2*x - 2, 0*h + 64 = 3*h - 4*x. Let i = h - 6. What is the remainder when i is divided by d(-6)?
2
Suppose 2*l = 5*f + 15, -1 = f + l - 5. Let v(y) = -y**3 + 3*y**2 - 1. Calculate the remainder when 0/f + 14 + -10 is divided by v(2).
1
Let x be (-2)/(-4) - ((-65)/(-10) + -7). Let u(v) = v**2 - 7*v + 1. Calculate the remainder when u(8) is divided by (x/2)/(2/16) + 2.
3
Suppose 5*z + 25*w - 930 = 22*w, 731 = 4*z + 5*w. Calculate the remainder when z is divided by 95.
94
Let g(w) = 5*w**2 + 3*w - 10. What is the remainder when g(4) is divided by 12?
10
Let p = -794 - -476. What is the remainder when ((-6)/(-18))/((-2)/p) is divided by (-128)/(-9) + (-2)/9?
11
Let f = -1186 + 1260. Calculate the remainder when 1257 is divided by f.
73
Let x(c) = 2*c + 32. Let q be x(-13). Suppose q*l = -4*l + 30. What is the remainder when l is divided by 1?
0
Let z = -16 - -1. Let d = z - -18. Suppose w + 3*w - 179 = -d*r, -2*r = 6. Calculate the remainder when w is divided by 12.
11
Suppose 3458 = 48*h - 29*h. What is the remainder when h is divided by 62?
58
Let x = -3 + 6. Suppose -1 = x*k - 91. Calculate the remainder when k is divided by 18.
12
Suppose -559 = -5*b + r, -5*b - r + 580 = 29. Calculate the remainder when b is divided by (1 - 102/(-24))/((-3)/(-16)).
27
Let q(i) = i**2 + 6*i + 13. Let r be q(-7). Suppose 5*y - d = d + 180, -4*d + r = 0. What is the remainder when y is divided by 8?
6
Let n be (-2 - -6) + 1 + 2. Let h be n + -10 + 0 + 86. Let s = -58 + h. What is the remainder when 48 is divided by s?
23
Let k = 283 + -253. Calculate the remainder when 387 is divided by k.
27
Suppose 5*b - 5*s = -0 - 10, -4*b = 2*s - 16. Suppose b*v + 2*d + d = 63, 75 = 3*v - 2*d. Suppose -71 + v = -4*w. What is the remainder when 19 is divided by w?
8
Suppose -3*o + 2*o = -9. Suppose 0 = 2*r - o*r + 21. What is the remainder when r is divided by 2?
1
Suppose -3*u = -5*q + 243, 4*q - 6*u + 4*u - 196 = 0. Suppose -12*s + 90 + 66 = 0. What is the remainder when q is divided by s?
12
Suppose -63 + 4488 = 15*p. What is the remainder when p is divided by 77?
64
Let z(y) = 2*y**2 + 36*y - 37. Calculate the remainder when z(-19) is divided by 0 + 0 + 8 + -7.
0
Suppose 2 = g - 1. Let a(j) = -j**2 + 5*j - 1. Let l be a(g). Suppose -7 = -2*p + l. What is the remainder when 17 is divided by p?
5
Let d(x) = 2*x**3 - 19*x**2 - 9*x - 3. Calculate the remainder when (-660)/(-21) - (-4)/7 is divided by d(10).
4
Let a(n) = -n - 1. Let b be a(-5). Suppose -b*l + 88 = -3*i, -3*i + 4*i - 104 = -4*l. What is the remainder when 73 is divided by l?
23
Let g = -342 + 486. Suppose 2*r = -4*r + g. Suppose u - r = 5. Calculate the remai